{"id":571,"date":"2022-04-25T18:17:44","date_gmt":"2022-04-25T17:17:44","guid":{"rendered":"https:\/\/chatazatisie.sk\/?page_id=571"},"modified":"2024-05-14T17:56:33","modified_gmt":"2024-05-14T16:56:33","slug":"cennik","status":"publish","type":"page","link":"https:\/\/chatazatisie.sk\/index.php\/cennik\/","title":{"rendered":"Cenn\u00edk"},"content":{"rendered":"<p>[et_pb_section fb_built=&#8221;1&#8243; fullwidth=&#8221;on&#8221; _builder_version=&#8221;4.16&#8243; _module_preset=&#8221;default&#8221; custom_padding=&#8221;||||false|false&#8221; locked=&#8221;off&#8221; collapsed=&#8221;off&#8221; global_colors_info=&#8221;{}&#8221;][et_pb_fullwidth_header title=&#8221;Cenn\u00edk&#8221; background_overlay_color=&#8221;rgba(0,0,0,0.45)&#8221; _builder_version=&#8221;4.17.3&#8243; _module_preset=&#8221;default&#8221; title_font=&#8221;Allura||||||||&#8221; title_text_align=&#8221;center&#8221; title_font_size=&#8221;60px&#8221; title_letter_spacing=&#8221;1px&#8221; background_color=&#8221;rgba(0,0,0,0)&#8221; background_image=&#8221;https:\/\/chatazatisie.sk\/wp-content\/uploads\/2022\/04\/les5.jpg&#8221; background_blend=&#8221;overlay&#8221; custom_margin=&#8221;||||false|false&#8221; custom_padding=&#8221;63px||||false|false&#8221; global_colors_info=&#8221;{}&#8221;][\/et_pb_fullwidth_header][\/et_pb_section][et_pb_section fb_built=&#8221;1&#8243; _builder_version=&#8221;4.17.3&#8243; _module_preset=&#8221;default&#8221; global_colors_info=&#8221;{}&#8221;][et_pb_row _builder_version=&#8221;4.17.3&#8243; _module_preset=&#8221;default&#8221; global_colors_info=&#8221;{}&#8221;][et_pb_column type=&#8221;4_4&#8243; _builder_version=&#8221;4.17.3&#8243; _module_preset=&#8221;default&#8221; global_colors_info=&#8221;{}&#8221;][et_pb_text _builder_version=&#8221;4.17.3&#8243; _module_preset=&#8221;default&#8221; global_colors_info=&#8221;{}&#8221;]<\/p>\n<h4><strong>Cena zah\u0155\u0148a:<\/strong><span>\u00a0WiFi internet, Parkovanie, Rekrea\u010dn\u00fd poplatok, Poste\u013en\u00e1 bielize\u0148, Drevo do krbu, Sauna<\/span><span><\/span><\/h4>\n<h4>Na mieste sa plat\u00ed vratn\u00e1 kaucia 100 \u20ac.<\/h4>\n<p>[\/et_pb_text][et_pb_pricing_tables show_featured_drop_shadow=&#8221;off&#8221; _builder_version=&#8221;4.18.1&#8243; _dynamic_attributes=&#8221;link_option_url&#8221; _module_preset=&#8221;default&#8221; body_text_align=&#8221;center&#8221; background_color=&#8221;rgba(214,211,167,0.46)&#8221; link_option_url=&#8221;@ET-DC@eyJkeW5hbWljIjp0cnVlLCJjb250ZW50IjoicG9zdF9saW5rX3VybF9wYWdlIiwic2V0dGluZ3MiOnsicG9zdF9pZCI6IjQxMyJ9fQ==@&#8221; hover_enabled=&#8221;0&#8243; global_colors_info=&#8221;{}&#8221; admin_label=&#8221;Pricing Tables&#8221; sticky_enabled=&#8221;0&#8243;][et_pb_pricing_table title=&#8221;Celoro\u010dne&#8221; subtitle=&#8221;min. 5 noc\u00ed&#8221; currency=&#8221;EUR&#8221; per=&#8221;noc&#8221; sum=&#8221;220&#8243; button_url=&#8221;@ET-DC@eyJkeW5hbWljIjp0cnVlLCJjb250ZW50IjoicG9zdF9saW5rX3VybF9wYWdlIiwic2V0dGluZ3MiOnsicG9zdF9pZCI6IjQxMyJ9fQ==@&#8221; button_text=&#8221;Objedna\u0165&#8221; bullet_color=&#8221;#9FC131&#8243; header_background_color=&#8221;#9FC131&#8243; _builder_version=&#8221;4.18.1&#8243; _dynamic_attributes=&#8221;button_url&#8221; _module_preset=&#8221;default&#8221; price_text_color=&#8221;#9FC131&#8243; custom_button=&#8221;on&#8221; button_text_size=&#8221;1.6em&#8221; button_text_color=&#8221;#FFFFFF&#8221; button_bg_color=&#8221;#042940&#8243; button_border_radius=&#8221;10px&#8221; button_font=&#8221;||||||||&#8221; button_use_icon=&#8221;on&#8221; button_icon=&#8221;&#x24;||divi||400&#8243; button_on_hover=&#8221;on&#8221; button_alignment=&#8221;center&#8221; hover_enabled=&#8221;0&#8243; border_color_all=&#8221;#042940&#8243; global_colors_info=&#8221;{}&#8221; sticky_transition=&#8221;on&#8221; sticky_enabled=&#8221;0&#8243;]<\/p>\n<p>3. Jan &#8211; 22. Dec<br \/>min. 4 osoby<br \/>min. 5 noc\u00ed<\/p>\n<p>[\/et_pb_pricing_table][et_pb_pricing_table title=&#8221;Kr\u00e1tky pobyt&#8221; subtitle=&#8221;min. 3 noci&#8221; currency=&#8221;EUR&#8221; per=&#8221;noc&#8221; sum=&#8221;250&#8243; button_url=&#8221;@ET-DC@eyJkeW5hbWljIjp0cnVlLCJjb250ZW50IjoicG9zdF9saW5rX3VybF9wYWdlIiwic2V0dGluZ3MiOnsicG9zdF9pZCI6IjQxMyJ9fQ==@&#8221; button_text=&#8221;Objedna\u0165&#8221; bullet_color=&#8221;#9FC131&#8243; header_background_color=&#8221;#9FC131&#8243; _builder_version=&#8221;4.18.1&#8243; _dynamic_attributes=&#8221;button_url&#8221; _module_preset=&#8221;default&#8221; price_text_color=&#8221;#9FC131&#8243; custom_button=&#8221;on&#8221; button_text_size=&#8221;1.6em&#8221; button_text_color=&#8221;#FFFFFF&#8221; button_bg_color=&#8221;#042940&#8243; button_border_radius=&#8221;10px&#8221; button_font=&#8221;||||||||&#8221; button_use_icon=&#8221;on&#8221; button_icon=&#8221;&#x24;||divi||400&#8243; button_on_hover=&#8221;on&#8221; button_alignment=&#8221;center&#8221; hover_enabled=&#8221;0&#8243; border_color_all=&#8221;#042940&#8243; global_colors_info=&#8221;{}&#8221; sticky_transition=&#8221;on&#8221; sticky_enabled=&#8221;0&#8243;]<\/p>\n<p>3. Jan &#8211; 22. Dec<br \/>min. 4 osoby<br \/>min. 3 noci<\/p>\n<p>[\/et_pb_pricing_table][\/et_pb_pricing_tables][et_pb_pricing_tables show_featured_drop_shadow=&#8221;off&#8221; _builder_version=&#8221;4.18.1&#8243; _module_preset=&#8221;default&#8221; background_color=&#8221;rgba(214,211,167,0.46)&#8221; hover_enabled=&#8221;0&#8243; global_colors_info=&#8221;{}&#8221; sticky_enabled=&#8221;0&#8243;][et_pb_pricing_table title=&#8221;Ve\u013ekono\u010dn\u00fd pobyt&#8221; currency=&#8221;EUR&#8221; per=&#8221;noc&#8221; sum=&#8221;250&#8243; button_url=&#8221;@ET-DC@eyJkeW5hbWljIjp0cnVlLCJjb250ZW50IjoicG9zdF9saW5rX3VybF9wYWdlIiwic2V0dGluZ3MiOnsicG9zdF9pZCI6IjQxMyJ9fQ==@&#8221; button_text=&#8221;Objedna\u0165&#8221; bullet_color=&#8221;#9FC131&#8243; header_background_color=&#8221;#9FC131&#8243; _builder_version=&#8221;4.18.1&#8243; _dynamic_attributes=&#8221;button_url&#8221; _module_preset=&#8221;default&#8221; price_text_color=&#8221;#9FC131&#8243; custom_button=&#8221;on&#8221; button_text_size=&#8221;1.6em&#8221; button_text_color=&#8221;#FFFFFF&#8221; button_bg_color=&#8221;#042940&#8243; button_border_radius=&#8221;10px&#8221; button_font=&#8221;||||||||&#8221; button_use_icon=&#8221;on&#8221; button_icon=&#8221;&#x24;||divi||400&#8243; button_on_hover=&#8221;on&#8221; button_alignment=&#8221;center&#8221; hover_enabled=&#8221;0&#8243; border_color_all=&#8221;#042940&#8243; global_colors_info=&#8221;{}&#8221; sticky_transition=&#8221;on&#8221; sticky_enabled=&#8221;0&#8243;]<\/p>\n<p>od stredy do pondelka<br \/>min. 4 osoby<br \/>min. 5 noc\u00ed<\/p>\n<p>[\/et_pb_pricing_table][et_pb_pricing_table title=&#8221;Viano\u010dn\u00fd pobyt&#8221; currency=&#8221;EUR&#8221; per=&#8221;noc&#8221; sum=&#8221;250&#8243; button_url=&#8221;@ET-DC@eyJkeW5hbWljIjp0cnVlLCJjb250ZW50IjoicG9zdF9saW5rX3VybF9wYWdlIiwic2V0dGluZ3MiOnsicG9zdF9pZCI6IjQxMyJ9fQ==@&#8221; button_text=&#8221;Objedna\u0165&#8221; bullet_color=&#8221;#9FC131&#8243; header_background_color=&#8221;#9FC131&#8243; _builder_version=&#8221;4.18.1&#8243; _dynamic_attributes=&#8221;button_url&#8221; _module_preset=&#8221;default&#8221; price_text_color=&#8221;#9FC131&#8243; custom_button=&#8221;on&#8221; button_text_size=&#8221;1.6em&#8221; button_text_color=&#8221;#FFFFFF&#8221; button_bg_color=&#8221;#042940&#8243; button_border_radius=&#8221;10px&#8221; button_font=&#8221;||||||||&#8221; button_use_icon=&#8221;on&#8221; button_icon=&#8221;&#x24;||divi||400&#8243; button_on_hover=&#8221;on&#8221; button_alignment=&#8221;center&#8221; hover_enabled=&#8221;0&#8243; border_color_all=&#8221;#042940&#8243; global_colors_info=&#8221;{}&#8221; sticky_transition=&#8221;on&#8221; sticky_enabled=&#8221;0&#8243;]<\/p>\n<p>22. Dec &#8211; 27. Dec<br \/>min. 4 osoby<br \/>min. 5 noc\u00ed<\/p>\n<p>[\/et_pb_pricing_table][et_pb_pricing_table title=&#8221;Silvester&#8221; currency=&#8221;EUR&#8221; per=&#8221;noc&#8221; sum=&#8221;400&#8243; button_url=&#8221;@ET-DC@eyJkeW5hbWljIjp0cnVlLCJjb250ZW50IjoicG9zdF9saW5rX3VybF9wYWdlIiwic2V0dGluZ3MiOnsicG9zdF9pZCI6IjQxMyJ9fQ==@&#8221; button_text=&#8221;Objedna\u0165&#8221; bullet_color=&#8221;#9FC131&#8243; header_background_color=&#8221;#9FC131&#8243; _builder_version=&#8221;4.18.1&#8243; _dynamic_attributes=&#8221;button_url&#8221; _module_preset=&#8221;default&#8221; price_text_color=&#8221;#9FC131&#8243; custom_button=&#8221;on&#8221; button_text_size=&#8221;1.6em&#8221; button_text_color=&#8221;#FFFFFF&#8221; button_bg_color=&#8221;#042940&#8243; button_border_radius=&#8221;10px&#8221; button_font=&#8221;||||||||&#8221; button_use_icon=&#8221;on&#8221; button_icon=&#8221;&#x24;||divi||400&#8243; button_on_hover=&#8221;on&#8221; button_alignment=&#8221;center&#8221; hover_enabled=&#8221;0&#8243; border_color_all=&#8221;#042940&#8243; global_colors_info=&#8221;{}&#8221; sticky_transition=&#8221;on&#8221; sticky_enabled=&#8221;0&#8243;]<\/p>\n<p>28. Dec &#8211; 2. Jan<br \/>min. 4 osoby<br \/>min. 5 noc\u00ed<\/p>\n<p>[\/et_pb_pricing_table][\/et_pb_pricing_tables][\/et_pb_column][\/et_pb_row][\/et_pb_section]<\/p>\n","protected":false},"excerpt":{"rendered":"<p>Cena zah\u0155\u0148a:\u00a0WiFi internet, Parkovanie, Rekrea\u010dn\u00fd poplatok, Poste\u013en\u00e1 bielize\u0148, Drevo do krbu, Sauna Na mieste sa plat\u00ed vratn\u00e1 kaucia 100 \u20ac.3. Jan &#8211; 22. Decmin. 4 osobymin. 5 noc\u00ed3. Jan &#8211; 22. Decmin. 4 osobymin. 3 nociod stredy do pondelkamin. 4 osobymin. 5 noc\u00ed22. Dec &#8211; 27. Decmin. 4 osobymin. 5 noc\u00ed28. Dec &#8211; 2. Janmin. [&hellip;]<\/p>\n","protected":false},"author":1,"featured_media":0,"parent":0,"menu_order":0,"comment_status":"closed","ping_status":"closed","template":"","meta":{"_et_pb_use_builder":"on","_et_pb_old_content":"","_et_gb_content_width":"","footnotes":""},"class_list":["post-571","page","type-page","status-publish","hentry"],"yoast_head":"<!-- This site is optimized with the Yoast SEO plugin v27.4 - https:\/\/yoast.com\/product\/yoast-seo-wordpress\/ -->\n<title>Cenn\u00edk - Z\u00e1ti\u0161ie pod lesom<\/title>\n<meta name=\"robots\" content=\"index, follow, max-snippet:-1, max-image-preview:large, max-video-preview:-1\" \/>\n<link rel=\"canonical\" href=\"https:\/\/chatazatisie.sk\/index.php\/cennik\/\" \/>\n<meta property=\"og:locale\" content=\"en_US\" \/>\n<meta property=\"og:type\" content=\"article\" \/>\n<meta property=\"og:title\" content=\"Cenn\u00edk - Z\u00e1ti\u0161ie pod lesom\" \/>\n<meta property=\"og:description\" content=\"Cena zah\u0155\u0148a:\u00a0WiFi internet, Parkovanie, Rekrea\u010dn\u00fd poplatok, Poste\u013en\u00e1 bielize\u0148, Drevo do krbu, Sauna Na mieste sa plat\u00ed vratn\u00e1 kaucia 100 \u20ac.3. Jan - 22. Decmin. 4 osobymin. 5 noc\u00ed3. Jan - 22. Decmin. 4 osobymin. 3 nociod stredy do pondelkamin. 4 osobymin. 5 noc\u00ed22. Dec - 27. Decmin. 4 osobymin. 5 noc\u00ed28. Dec - 2. Janmin. [&hellip;]\" \/>\n<meta property=\"og:url\" content=\"https:\/\/chatazatisie.sk\/index.php\/cennik\/\" \/>\n<meta property=\"og:site_name\" content=\"Z\u00e1ti\u0161ie pod lesom\" \/>\n<meta property=\"article:modified_time\" content=\"2024-05-14T16:56:33+00:00\" \/>\n<meta name=\"twitter:card\" content=\"summary_large_image\" \/>\n<meta name=\"twitter:label1\" content=\"Est. reading time\" \/>\n\t<meta name=\"twitter:data1\" content=\"1 minute\" \/>\n<script type=\"application\/ld+json\" class=\"yoast-schema-graph\">{\"@context\":\"https:\\\/\\\/schema.org\",\"@graph\":[{\"@type\":\"WebPage\",\"@id\":\"https:\\\/\\\/chatazatisie.sk\\\/index.php\\\/cennik\\\/\",\"url\":\"https:\\\/\\\/chatazatisie.sk\\\/index.php\\\/cennik\\\/\",\"name\":\"Cenn\u00edk - Z\u00e1ti\u0161ie pod lesom\",\"isPartOf\":{\"@id\":\"https:\\\/\\\/chatazatisie.sk\\\/#website\"},\"datePublished\":\"2022-04-25T17:17:44+00:00\",\"dateModified\":\"2024-05-14T16:56:33+00:00\",\"breadcrumb\":{\"@id\":\"https:\\\/\\\/chatazatisie.sk\\\/index.php\\\/cennik\\\/#breadcrumb\"},\"inLanguage\":\"en-US\",\"potentialAction\":[{\"@type\":\"ReadAction\",\"target\":[\"https:\\\/\\\/chatazatisie.sk\\\/index.php\\\/cennik\\\/\"]}]},{\"@type\":\"BreadcrumbList\",\"@id\":\"https:\\\/\\\/chatazatisie.sk\\\/index.php\\\/cennik\\\/#breadcrumb\",\"itemListElement\":[{\"@type\":\"ListItem\",\"position\":1,\"name\":\"Home\",\"item\":\"https:\\\/\\\/chatazatisie.sk\\\/\"},{\"@type\":\"ListItem\",\"position\":2,\"name\":\"Cenn\u00edk\"}]},{\"@type\":\"WebSite\",\"@id\":\"https:\\\/\\\/chatazatisie.sk\\\/#website\",\"url\":\"https:\\\/\\\/chatazatisie.sk\\\/\",\"name\":\"Z\u00e1ti\u0161ie pod lesom\",\"description\":\"Chata ubytovanie pre rodiny\",\"publisher\":{\"@id\":\"https:\\\/\\\/chatazatisie.sk\\\/#organization\"},\"potentialAction\":[{\"@type\":\"SearchAction\",\"target\":{\"@type\":\"EntryPoint\",\"urlTemplate\":\"https:\\\/\\\/chatazatisie.sk\\\/?s={search_term_string}\"},\"query-input\":{\"@type\":\"PropertyValueSpecification\",\"valueRequired\":true,\"valueName\":\"search_term_string\"}}],\"inLanguage\":\"en-US\"},{\"@type\":\"Organization\",\"@id\":\"https:\\\/\\\/chatazatisie.sk\\\/#organization\",\"name\":\"Z\u00e1ti\u0161ie pod lesom\",\"url\":\"https:\\\/\\\/chatazatisie.sk\\\/\",\"logo\":{\"@type\":\"ImageObject\",\"inLanguage\":\"en-US\",\"@id\":\"https:\\\/\\\/chatazatisie.sk\\\/#\\\/schema\\\/logo\\\/image\\\/\",\"url\":\"https:\\\/\\\/chatazatisie.sk\\\/wp-content\\\/uploads\\\/2022\\\/03\\\/logo.png\",\"contentUrl\":\"https:\\\/\\\/chatazatisie.sk\\\/wp-content\\\/uploads\\\/2022\\\/03\\\/logo.png\",\"width\":512,\"height\":264,\"caption\":\"Z\u00e1ti\u0161ie pod lesom\"},\"image\":{\"@id\":\"https:\\\/\\\/chatazatisie.sk\\\/#\\\/schema\\\/logo\\\/image\\\/\"}}]}<\/script>\n<!-- \/ Yoast SEO plugin. -->","yoast_head_json":{"title":"Cenn\u00edk - Z\u00e1ti\u0161ie pod lesom","robots":{"index":"index","follow":"follow","max-snippet":"max-snippet:-1","max-image-preview":"max-image-preview:large","max-video-preview":"max-video-preview:-1"},"canonical":"https:\/\/chatazatisie.sk\/index.php\/cennik\/","og_locale":"en_US","og_type":"article","og_title":"Cenn\u00edk - Z\u00e1ti\u0161ie pod lesom","og_description":"Cena zah\u0155\u0148a:\u00a0WiFi internet, Parkovanie, Rekrea\u010dn\u00fd poplatok, Poste\u013en\u00e1 bielize\u0148, Drevo do krbu, Sauna Na mieste sa plat\u00ed vratn\u00e1 kaucia 100 \u20ac.3. Jan - 22. Decmin. 4 osobymin. 5 noc\u00ed3. Jan - 22. Decmin. 4 osobymin. 3 nociod stredy do pondelkamin. 4 osobymin. 5 noc\u00ed22. Dec - 27. Decmin. 4 osobymin. 5 noc\u00ed28. Dec - 2. Janmin. [&hellip;]","og_url":"https:\/\/chatazatisie.sk\/index.php\/cennik\/","og_site_name":"Z\u00e1ti\u0161ie pod lesom","article_modified_time":"2024-05-14T16:56:33+00:00","twitter_card":"summary_large_image","twitter_misc":{"Est. reading time":"1 minute"},"schema":{"@context":"https:\/\/schema.org","@graph":[{"@type":"WebPage","@id":"https:\/\/chatazatisie.sk\/index.php\/cennik\/","url":"https:\/\/chatazatisie.sk\/index.php\/cennik\/","name":"Cenn\u00edk - Z\u00e1ti\u0161ie pod lesom","isPartOf":{"@id":"https:\/\/chatazatisie.sk\/#website"},"datePublished":"2022-04-25T17:17:44+00:00","dateModified":"2024-05-14T16:56:33+00:00","breadcrumb":{"@id":"https:\/\/chatazatisie.sk\/index.php\/cennik\/#breadcrumb"},"inLanguage":"en-US","potentialAction":[{"@type":"ReadAction","target":["https:\/\/chatazatisie.sk\/index.php\/cennik\/"]}]},{"@type":"BreadcrumbList","@id":"https:\/\/chatazatisie.sk\/index.php\/cennik\/#breadcrumb","itemListElement":[{"@type":"ListItem","position":1,"name":"Home","item":"https:\/\/chatazatisie.sk\/"},{"@type":"ListItem","position":2,"name":"Cenn\u00edk"}]},{"@type":"WebSite","@id":"https:\/\/chatazatisie.sk\/#website","url":"https:\/\/chatazatisie.sk\/","name":"Z\u00e1ti\u0161ie pod lesom","description":"Chata ubytovanie pre rodiny","publisher":{"@id":"https:\/\/chatazatisie.sk\/#organization"},"potentialAction":[{"@type":"SearchAction","target":{"@type":"EntryPoint","urlTemplate":"https:\/\/chatazatisie.sk\/?s={search_term_string}"},"query-input":{"@type":"PropertyValueSpecification","valueRequired":true,"valueName":"search_term_string"}}],"inLanguage":"en-US"},{"@type":"Organization","@id":"https:\/\/chatazatisie.sk\/#organization","name":"Z\u00e1ti\u0161ie pod lesom","url":"https:\/\/chatazatisie.sk\/","logo":{"@type":"ImageObject","inLanguage":"en-US","@id":"https:\/\/chatazatisie.sk\/#\/schema\/logo\/image\/","url":"https:\/\/chatazatisie.sk\/wp-content\/uploads\/2022\/03\/logo.png","contentUrl":"https:\/\/chatazatisie.sk\/wp-content\/uploads\/2022\/03\/logo.png","width":512,"height":264,"caption":"Z\u00e1ti\u0161ie pod lesom"},"image":{"@id":"https:\/\/chatazatisie.sk\/#\/schema\/logo\/image\/"}}]}},"_links":{"self":[{"href":"https:\/\/chatazatisie.sk\/index.php\/wp-json\/wp\/v2\/pages\/571","targetHints":{"allow":["GET"]}}],"collection":[{"href":"https:\/\/chatazatisie.sk\/index.php\/wp-json\/wp\/v2\/pages"}],"about":[{"href":"https:\/\/chatazatisie.sk\/index.php\/wp-json\/wp\/v2\/types\/page"}],"author":[{"embeddable":true,"href":"https:\/\/chatazatisie.sk\/index.php\/wp-json\/wp\/v2\/users\/1"}],"replies":[{"embeddable":true,"href":"https:\/\/chatazatisie.sk\/index.php\/wp-json\/wp\/v2\/comments?post=571"}],"version-history":[{"count":13,"href":"https:\/\/chatazatisie.sk\/index.php\/wp-json\/wp\/v2\/pages\/571\/revisions"}],"predecessor-version":[{"id":758,"href":"https:\/\/chatazatisie.sk\/index.php\/wp-json\/wp\/v2\/pages\/571\/revisions\/758"}],"wp:attachment":[{"href":"https:\/\/chatazatisie.sk\/index.php\/wp-json\/wp\/v2\/media?parent=571"}],"curies":[{"name":"wp","href":"https:\/\/api.w.org\/{rel}","templated":true}]}}